{"id":9126,"date":"2021-06-13T13:44:36","date_gmt":"2021-06-13T18:44:36","guid":{"rendered":"https:\/\/inemjose.edu.co\/colegio\/newsite2021\/?page_id=9126"},"modified":"2025-07-21T11:12:01","modified_gmt":"2025-07-21T16:12:01","slug":"simbolos-institucionales","status":"publish","type":"page","link":"https:\/\/inemjose.edu.co\/colegio\/newsite2021\/simbolos-institucionales\/","title":{"rendered":"S\u00edmbolos Institucionales"},"content":{"rendered":"\t\t<div data-elementor-type=\"wp-page\" data-elementor-id=\"9126\" class=\"elementor elementor-9126\">\n\t\t\t\t\t\t<section class=\"elementor-section elementor-top-section elementor-element elementor-element-288488e9 elementor-section-boxed elementor-section-height-default elementor-section-height-default\" data-id=\"288488e9\" data-element_type=\"section\" data-e-type=\"section\">\n\t\t\t\t\t\t<div class=\"elementor-container elementor-column-gap-default\">\n\t\t\t\t\t<div class=\"elementor-column elementor-col-100 elementor-top-column elementor-element elementor-element-5fdd81e7\" data-id=\"5fdd81e7\" data-element_type=\"column\" data-e-type=\"column\">\n\t\t\t<div class=\"elementor-widget-wrap elementor-element-populated\">\n\t\t\t\t\t\t<div class=\"elementor-element elementor-element-5b72c25 elementor-widget elementor-widget-text-editor\" data-id=\"5b72c25\" data-element_type=\"widget\" data-e-type=\"widget\" data-widget_type=\"text-editor.default\">\n\t\t\t\t<div class=\"elementor-widget-container\">\n\t\t\t\t\t\t\t\t\t<h3 style=\"text-align: center;\">Escudo<\/h3>\r\n<img decoding=\"async\" class=\"size-full wp-image-9271 aligncenter\" src=\"https:\/\/inemjose.edu.co\/colegio\/newsite2021\/wp-content\/uploads\/2021\/06\/logoini-2.png\" alt=\"\" width=\"142\" height=\"191\" \/>\r\n\r\nEs un escudo terciado en barra, de forma espa\u00f1ola, dividido en tres partes iguales por dos paralelas que van del cant\u00f3n diestro al cant\u00f3n siniestro de la punta. Campos, colores y piezas: en el campo superior diestro, un fondo rojo y sobre \u00e9ste un \u00e1tomo de carbono, elemento universal caracterizado por la propiedad de unirse consigo mismo y con otros elementos formando m\u00faltiples compuestos; es el s\u00ed\u00admbolo de la ciencia, el trabajo y la unidad que debe darse en la humanidad.\r\n\r\nEn la parte central o barra, formada por dos paralelas y sobre un fondo amarillo resplandeciente, escrito el nombre de la Instituci\u00f3n en forma ascendente, en proyecci\u00f3n hacia el infinito.\r\nEn el campo inferior siniestro un fondo verde esmeralda y sobre \u00e9ste un pergamino s\u00ed\u00admbolo de la cultura y las letras Alfa y Omega, s\u00ed\u00admbolos de nuestra tradici\u00f3n cristiana.\r\nEn la base del escudo y alrededor de la punta una cinta ondeada de color verde esmeralda con la leyenda Ciencia, trabajo y virtudes, trilog\u00ed\u00ada que sintetiza los valores fundamentales de nuestros estudiantes.\r\n\r\n<strong>Escudo en baja resoluci\u00f3n para insertar en encabezados de documentos institucionales <\/strong><a href=\"https:\/\/drive.google.com\/file\/d\/0B9BKApP0NgpZTzdDRk9vNnFoX1U\/view?resourcekey=0-Pq9EP--mkF1zs-5ISzOgcw\" target=\"_blank\" rel=\"noopener\">Descarga aqu\u00ed<\/a>\r\n\r\n<strong>Escudo en alta resoluci\u00f3n para realizar trabajos de imprenta con el escudo institucional <\/strong><a href=\"https:\/\/drive.google.com\/file\/d\/0B9BKApP0NgpZQ1NxM0VtaHV4eHc\/view?resourcekey=0-H8PV0Mnqf4lkbaXHCfmi6g\" target=\"_blank\" rel=\"noopener\">Descarga aqu\u00ed<\/a>\r\n<h3><\/h3>\r\n<h3 style=\"text-align: center;\">Bandera<\/h3>\r\n<img fetchpriority=\"high\" decoding=\"async\" class=\"alignnone size-medium wp-image-9127 aligncenter\" src=\"https:\/\/inemjose.edu.co\/colegio\/newsite2021\/wp-content\/uploads\/2021\/06\/Bandera-300x195.png\" alt=\"\" width=\"300\" height=\"195\" \/>\r\n\r\nNuestra bandera tiene tres colores: rojo, amarillo y verde en tres franjas horizontales del mismo tama\u00f1o. El color rojo en la parte superior significa la valent\u00ed\u00ada, nobleza, intrepidez, generosidad, honor y fortaleza, cualidades que deben distinguir a nuestros alumnos.\r\n\r\nEn el centro, el color amarillo oro resplandeciente significa la soberan\u00ed\u00ada y la prosperidad del personal que aqu\u00ed\u00ad se forma.\r\nEl color verde esmeralda en la parte inferior, significa libertad, amistad, servicio, respeto, s\u00ed\u00admbolos de la vida, valores promovidos por la instituci\u00f3n.\r\nLa bandera debe izarse en las fiestas nacionales, departamentales e institucionales, junto con la bandera de Colombia y la del Departamento de Antioquia.\r\n\r\n&nbsp;\r\n<h3 style=\"text-align: center;\">Nuestro Himno<\/h3>\r\nEl himno oficial del INEM fue creado en su m\u00fasica y letra por el maestro Julio C\u00e9sar Villafuerte Luzardo, quien prest\u00f3 sus servicios como educador en esta instituci\u00f3n durante 25 a\u00f1os, adscrito al departamento de Artes.\r\n<p style=\"text-align: center;\">Somos la juventud\r\nCirculando por las aulas del INEM,\r\nArte, ciencia y virtud\r\nAprendemos para nuestro propio bien.\r\nSomos del porvenir\r\nLa esperanza, y como tal hay que cumplir.\r\nCon fe y con amor vamos a estudiar\r\nY un mejor ma\u00f1ana a construir.\r\nNuestro INEM nos cultiva\r\nEn su empe\u00f1o cimero\r\nDe colmar de frutos nuestras vidas\r\nPor la noble ruta del saber\r\nCanto con emoci\u00f3n\r\nel gran nombre del INEM es mi canci\u00f3n.\r\nHay que trabajar, nunca desmayar,\r\nPor la patria unidos a luchar<\/p>\r\n<p style=\"text-align: center;\"><a class=\"vp-s vp-yt-type\" title=\"Himno\" href=\"https:\/\/www.youtube.com\/watch?v=XAtmV79aPF0\" data-ytid=\"XAtmV79aPF0\">Ver video de nuestro himno<\/a><\/p>\t\t\t\t\t\t\t\t<\/div>\n\t\t\t\t<\/div>\n\t\t\t\t\t<\/div>\n\t\t<\/div>\n\t\t\t\t\t<\/div>\n\t\t<\/section>\n\t\t\t\t<\/div>\n\t\t","protected":false},"excerpt":{"rendered":"<p>Escudo Es un escudo terciado en barra, de forma espa\u00f1ola, dividido en tres partes iguales por dos paralelas que van del cant\u00f3n diestro al cant\u00f3n siniestro de la punta. Campos, colores y piezas: en el campo superior diestro, un fondo &hellip; <\/p>\n","protected":false},"author":1,"featured_media":0,"parent":0,"menu_order":0,"comment_status":"closed","ping_status":"closed","template":"","meta":{"_bbp_topic_count":0,"_bbp_reply_count":0,"_bbp_total_topic_count":0,"_bbp_total_reply_count":0,"_bbp_voice_count":0,"_bbp_anonymous_reply_count":0,"_bbp_topic_count_hidden":0,"_bbp_reply_count_hidden":0,"_bbp_forum_subforum_count":0,"_angie_page":false,"pmpro_default_level":"","footnotes":""},"class_list":["post-9126","page","type-page","status-publish","hentry","pmpro-has-access"],"yoast_head":"<!-- This site is optimized with the Yoast SEO plugin v27.4 - https:\/\/yoast.com\/product\/yoast-seo-wordpress\/ -->\n<title>S\u00edmbolos Institucionales - INEM Jos\u00e9 F\u00e9lix De Restrepo<\/title>\n<meta name=\"robots\" content=\"index, follow, max-snippet:-1, max-image-preview:large, max-video-preview:-1\" \/>\n<link rel=\"canonical\" href=\"https:\/\/inemjose.edu.co\/colegio\/newsite2021\/simbolos-institucionales\/\" class=\"yoast-seo-meta-tag\" \/>\n<meta property=\"og:locale\" content=\"es_ES\" class=\"yoast-seo-meta-tag\" \/>\n<meta property=\"og:type\" content=\"article\" class=\"yoast-seo-meta-tag\" \/>\n<meta property=\"og:title\" content=\"S\u00edmbolos Institucionales - INEM Jos\u00e9 F\u00e9lix De Restrepo\" class=\"yoast-seo-meta-tag\" \/>\n<meta property=\"og:description\" content=\"Escudo Es un escudo terciado en barra, de forma espa\u00f1ola, dividido en tres partes iguales por dos paralelas que van del cant\u00f3n diestro al cant\u00f3n siniestro de la punta. Campos, colores y piezas: en el campo superior diestro, un fondo &hellip;\" class=\"yoast-seo-meta-tag\" \/>\n<meta property=\"og:url\" content=\"https:\/\/inemjose.edu.co\/colegio\/newsite2021\/simbolos-institucionales\/\" class=\"yoast-seo-meta-tag\" \/>\n<meta property=\"og:site_name\" content=\"INEM Jos\u00e9 F\u00e9lix De Restrepo\" class=\"yoast-seo-meta-tag\" \/>\n<meta property=\"article:publisher\" content=\"https:\/\/www.facebook.com\/inemjoseoficial\/\" class=\"yoast-seo-meta-tag\" \/>\n<meta property=\"article:modified_time\" content=\"2025-07-21T16:12:01+00:00\" class=\"yoast-seo-meta-tag\" \/>\n<meta property=\"og:image\" content=\"https:\/\/inemjose.edu.co\/colegio\/newsite2021\/wp-content\/uploads\/2021\/06\/logoini-2.png\" class=\"yoast-seo-meta-tag\" \/>\n<meta name=\"twitter:card\" content=\"summary_large_image\" class=\"yoast-seo-meta-tag\" \/>\n<meta name=\"twitter:label1\" content=\"Tiempo de lectura\" class=\"yoast-seo-meta-tag\" \/>\n\t<meta name=\"twitter:data1\" content=\"3 minutos\" class=\"yoast-seo-meta-tag\" \/>\n<script type=\"application\/ld+json\" class=\"yoast-schema-graph\">{\"@context\":\"https:\\\/\\\/schema.org\",\"@graph\":[{\"@type\":\"WebPage\",\"@id\":\"https:\\\/\\\/inemjose.edu.co\\\/colegio\\\/newsite2021\\\/simbolos-institucionales\\\/\",\"url\":\"https:\\\/\\\/inemjose.edu.co\\\/colegio\\\/newsite2021\\\/simbolos-institucionales\\\/\",\"name\":\"S\u00edmbolos Institucionales - INEM Jos\u00e9 F\u00e9lix De Restrepo\",\"isPartOf\":{\"@id\":\"https:\\\/\\\/inemjose.edu.co\\\/colegio\\\/newsite2021\\\/#website\"},\"primaryImageOfPage\":{\"@id\":\"https:\\\/\\\/inemjose.edu.co\\\/colegio\\\/newsite2021\\\/simbolos-institucionales\\\/#primaryimage\"},\"image\":{\"@id\":\"https:\\\/\\\/inemjose.edu.co\\\/colegio\\\/newsite2021\\\/simbolos-institucionales\\\/#primaryimage\"},\"thumbnailUrl\":\"https:\\\/\\\/inemjose.edu.co\\\/colegio\\\/newsite2021\\\/wp-content\\\/uploads\\\/2021\\\/06\\\/logoini-2.png\",\"datePublished\":\"2021-06-13T18:44:36+00:00\",\"dateModified\":\"2025-07-21T16:12:01+00:00\",\"breadcrumb\":{\"@id\":\"https:\\\/\\\/inemjose.edu.co\\\/colegio\\\/newsite2021\\\/simbolos-institucionales\\\/#breadcrumb\"},\"inLanguage\":\"es-CO\",\"potentialAction\":[{\"@type\":\"ReadAction\",\"target\":[\"https:\\\/\\\/inemjose.edu.co\\\/colegio\\\/newsite2021\\\/simbolos-institucionales\\\/\"]}]},{\"@type\":\"ImageObject\",\"inLanguage\":\"es-CO\",\"@id\":\"https:\\\/\\\/inemjose.edu.co\\\/colegio\\\/newsite2021\\\/simbolos-institucionales\\\/#primaryimage\",\"url\":\"https:\\\/\\\/inemjose.edu.co\\\/colegio\\\/newsite2021\\\/wp-content\\\/uploads\\\/2021\\\/06\\\/logoini-2.png\",\"contentUrl\":\"https:\\\/\\\/inemjose.edu.co\\\/colegio\\\/newsite2021\\\/wp-content\\\/uploads\\\/2021\\\/06\\\/logoini-2.png\",\"width\":142,\"height\":191},{\"@type\":\"BreadcrumbList\",\"@id\":\"https:\\\/\\\/inemjose.edu.co\\\/colegio\\\/newsite2021\\\/simbolos-institucionales\\\/#breadcrumb\",\"itemListElement\":[{\"@type\":\"ListItem\",\"position\":1,\"name\":\"Inicio\",\"item\":\"https:\\\/\\\/inemjose.edu.co\\\/colegio\\\/newsite2021\\\/\"},{\"@type\":\"ListItem\",\"position\":2,\"name\":\"S\u00edmbolos Institucionales\"}]},{\"@type\":\"WebSite\",\"@id\":\"https:\\\/\\\/inemjose.edu.co\\\/colegio\\\/newsite2021\\\/#website\",\"url\":\"https:\\\/\\\/inemjose.edu.co\\\/colegio\\\/newsite2021\\\/\",\"name\":\"INEM Jos\u00e9 F\u00e9lix De Restrepo\",\"description\":\"INEM Jos\u00e9 F\u00e9lix De Restrepo\",\"publisher\":{\"@id\":\"https:\\\/\\\/inemjose.edu.co\\\/colegio\\\/newsite2021\\\/#organization\"},\"potentialAction\":[{\"@type\":\"SearchAction\",\"target\":{\"@type\":\"EntryPoint\",\"urlTemplate\":\"https:\\\/\\\/inemjose.edu.co\\\/colegio\\\/newsite2021\\\/?s={search_term_string}\"},\"query-input\":{\"@type\":\"PropertyValueSpecification\",\"valueRequired\":true,\"valueName\":\"search_term_string\"}}],\"inLanguage\":\"es-CO\"},{\"@type\":\"Organization\",\"@id\":\"https:\\\/\\\/inemjose.edu.co\\\/colegio\\\/newsite2021\\\/#organization\",\"name\":\"INEM MEDELLIN\",\"url\":\"https:\\\/\\\/inemjose.edu.co\\\/colegio\\\/newsite2021\\\/\",\"logo\":{\"@type\":\"ImageObject\",\"inLanguage\":\"es-CO\",\"@id\":\"https:\\\/\\\/inemjose.edu.co\\\/colegio\\\/newsite2021\\\/#\\\/schema\\\/logo\\\/image\\\/\",\"url\":\"https:\\\/\\\/inemjose.edu.co\\\/colegio\\\/newsite2021\\\/wp-content\\\/uploads\\\/2022\\\/03\\\/escudoaltaresolucion.png\",\"contentUrl\":\"https:\\\/\\\/inemjose.edu.co\\\/colegio\\\/newsite2021\\\/wp-content\\\/uploads\\\/2022\\\/03\\\/escudoaltaresolucion.png\",\"width\":410,\"height\":550,\"caption\":\"INEM MEDELLIN\"},\"image\":{\"@id\":\"https:\\\/\\\/inemjose.edu.co\\\/colegio\\\/newsite2021\\\/#\\\/schema\\\/logo\\\/image\\\/\"},\"sameAs\":[\"https:\\\/\\\/www.facebook.com\\\/inemjoseoficial\\\/\",\"https:\\\/\\\/www.instagram.com\\\/inem_medellin\\\/\",\"https:\\\/\\\/www.youtube.com\\\/user\\\/inemtelevision\\\/featured\"]}]}<\/script>\n<!-- \/ Yoast SEO plugin. -->","yoast_head_json":{"title":"S\u00edmbolos Institucionales - INEM Jos\u00e9 F\u00e9lix De Restrepo","robots":{"index":"index","follow":"follow","max-snippet":"max-snippet:-1","max-image-preview":"max-image-preview:large","max-video-preview":"max-video-preview:-1"},"canonical":"https:\/\/inemjose.edu.co\/colegio\/newsite2021\/simbolos-institucionales\/","og_locale":"es_ES","og_type":"article","og_title":"S\u00edmbolos Institucionales - INEM Jos\u00e9 F\u00e9lix De Restrepo","og_description":"Escudo Es un escudo terciado en barra, de forma espa\u00f1ola, dividido en tres partes iguales por dos paralelas que van del cant\u00f3n diestro al cant\u00f3n siniestro de la punta. Campos, colores y piezas: en el campo superior diestro, un fondo &hellip;","og_url":"https:\/\/inemjose.edu.co\/colegio\/newsite2021\/simbolos-institucionales\/","og_site_name":"INEM Jos\u00e9 F\u00e9lix De Restrepo","article_publisher":"https:\/\/www.facebook.com\/inemjoseoficial\/","article_modified_time":"2025-07-21T16:12:01+00:00","og_image":[{"url":"https:\/\/inemjose.edu.co\/colegio\/newsite2021\/wp-content\/uploads\/2021\/06\/logoini-2.png","type":"","width":"","height":""}],"twitter_card":"summary_large_image","twitter_misc":{"Tiempo de lectura":"3 minutos"},"schema":{"@context":"https:\/\/schema.org","@graph":[{"@type":"WebPage","@id":"https:\/\/inemjose.edu.co\/colegio\/newsite2021\/simbolos-institucionales\/","url":"https:\/\/inemjose.edu.co\/colegio\/newsite2021\/simbolos-institucionales\/","name":"S\u00edmbolos Institucionales - INEM Jos\u00e9 F\u00e9lix De Restrepo","isPartOf":{"@id":"https:\/\/inemjose.edu.co\/colegio\/newsite2021\/#website"},"primaryImageOfPage":{"@id":"https:\/\/inemjose.edu.co\/colegio\/newsite2021\/simbolos-institucionales\/#primaryimage"},"image":{"@id":"https:\/\/inemjose.edu.co\/colegio\/newsite2021\/simbolos-institucionales\/#primaryimage"},"thumbnailUrl":"https:\/\/inemjose.edu.co\/colegio\/newsite2021\/wp-content\/uploads\/2021\/06\/logoini-2.png","datePublished":"2021-06-13T18:44:36+00:00","dateModified":"2025-07-21T16:12:01+00:00","breadcrumb":{"@id":"https:\/\/inemjose.edu.co\/colegio\/newsite2021\/simbolos-institucionales\/#breadcrumb"},"inLanguage":"es-CO","potentialAction":[{"@type":"ReadAction","target":["https:\/\/inemjose.edu.co\/colegio\/newsite2021\/simbolos-institucionales\/"]}]},{"@type":"ImageObject","inLanguage":"es-CO","@id":"https:\/\/inemjose.edu.co\/colegio\/newsite2021\/simbolos-institucionales\/#primaryimage","url":"https:\/\/inemjose.edu.co\/colegio\/newsite2021\/wp-content\/uploads\/2021\/06\/logoini-2.png","contentUrl":"https:\/\/inemjose.edu.co\/colegio\/newsite2021\/wp-content\/uploads\/2021\/06\/logoini-2.png","width":142,"height":191},{"@type":"BreadcrumbList","@id":"https:\/\/inemjose.edu.co\/colegio\/newsite2021\/simbolos-institucionales\/#breadcrumb","itemListElement":[{"@type":"ListItem","position":1,"name":"Inicio","item":"https:\/\/inemjose.edu.co\/colegio\/newsite2021\/"},{"@type":"ListItem","position":2,"name":"S\u00edmbolos Institucionales"}]},{"@type":"WebSite","@id":"https:\/\/inemjose.edu.co\/colegio\/newsite2021\/#website","url":"https:\/\/inemjose.edu.co\/colegio\/newsite2021\/","name":"INEM Jos\u00e9 F\u00e9lix De Restrepo","description":"INEM Jos\u00e9 F\u00e9lix De Restrepo","publisher":{"@id":"https:\/\/inemjose.edu.co\/colegio\/newsite2021\/#organization"},"potentialAction":[{"@type":"SearchAction","target":{"@type":"EntryPoint","urlTemplate":"https:\/\/inemjose.edu.co\/colegio\/newsite2021\/?s={search_term_string}"},"query-input":{"@type":"PropertyValueSpecification","valueRequired":true,"valueName":"search_term_string"}}],"inLanguage":"es-CO"},{"@type":"Organization","@id":"https:\/\/inemjose.edu.co\/colegio\/newsite2021\/#organization","name":"INEM MEDELLIN","url":"https:\/\/inemjose.edu.co\/colegio\/newsite2021\/","logo":{"@type":"ImageObject","inLanguage":"es-CO","@id":"https:\/\/inemjose.edu.co\/colegio\/newsite2021\/#\/schema\/logo\/image\/","url":"https:\/\/inemjose.edu.co\/colegio\/newsite2021\/wp-content\/uploads\/2022\/03\/escudoaltaresolucion.png","contentUrl":"https:\/\/inemjose.edu.co\/colegio\/newsite2021\/wp-content\/uploads\/2022\/03\/escudoaltaresolucion.png","width":410,"height":550,"caption":"INEM MEDELLIN"},"image":{"@id":"https:\/\/inemjose.edu.co\/colegio\/newsite2021\/#\/schema\/logo\/image\/"},"sameAs":["https:\/\/www.facebook.com\/inemjoseoficial\/","https:\/\/www.instagram.com\/inem_medellin\/","https:\/\/www.youtube.com\/user\/inemtelevision\/featured"]}]}},"_links":{"self":[{"href":"https:\/\/inemjose.edu.co\/colegio\/newsite2021\/wp-json\/wp\/v2\/pages\/9126","targetHints":{"allow":["GET"]}}],"collection":[{"href":"https:\/\/inemjose.edu.co\/colegio\/newsite2021\/wp-json\/wp\/v2\/pages"}],"about":[{"href":"https:\/\/inemjose.edu.co\/colegio\/newsite2021\/wp-json\/wp\/v2\/types\/page"}],"author":[{"embeddable":true,"href":"https:\/\/inemjose.edu.co\/colegio\/newsite2021\/wp-json\/wp\/v2\/users\/1"}],"replies":[{"embeddable":true,"href":"https:\/\/inemjose.edu.co\/colegio\/newsite2021\/wp-json\/wp\/v2\/comments?post=9126"}],"version-history":[{"count":16,"href":"https:\/\/inemjose.edu.co\/colegio\/newsite2021\/wp-json\/wp\/v2\/pages\/9126\/revisions"}],"predecessor-version":[{"id":20124,"href":"https:\/\/inemjose.edu.co\/colegio\/newsite2021\/wp-json\/wp\/v2\/pages\/9126\/revisions\/20124"}],"wp:attachment":[{"href":"https:\/\/inemjose.edu.co\/colegio\/newsite2021\/wp-json\/wp\/v2\/media?parent=9126"}],"curies":[{"name":"wp","href":"https:\/\/api.w.org\/{rel}","templated":true}]}}